{"id":41,"date":"2025-11-14T23:59:52","date_gmt":"2025-11-14T23:59:52","guid":{"rendered":"https:\/\/www.host176291.stronawcal.pl\/?page_id=41"},"modified":"2025-11-15T18:36:49","modified_gmt":"2025-11-15T18:36:49","slug":"ooo","status":"publish","type":"page","link":"https:\/\/www.host176291.stronawcal.pl\/index.php\/ooo\/","title":{"rendered":"O mnie"},"content":{"rendered":"\n<p>Strona w trakcie realizacji: <\/p>\n\n\n\n<p>Pewnego dnia, dawno, dawno temu, zainstalowa\u0142em sobie edytor CodeBlocks \u2013 nie maj\u0105c poj\u0119cia \u2013 co to w og\u00f3le  jest i do czego s\u0142u\u017cy. A jednak, &nbsp;to co\u015b co edytorem si\u0119 nazywa , swoj\u0105 furor\u0119 zrobi\u0142o.<\/p>\n\n\n\n<p>To \u201e co\u015b\u201d wzbudzi\u0142o we mnie zainteresowanie poznania programowania w j\u0119zyku C++, i tak to ju\u017c pozosta\u0142o. Sta\u0142o si\u0119 moim hobby. Chocia\u017c od tamtego czasu min\u0119\u0142o ju\u017c par\u0119 lat, bywa\u0142y przerwy raz d\u0142u\u017csze, raz kr\u00f3tsze, to jednak zdobywanie wiedzy programowania w j\u0119zyku C++ &#8211; pozosta\u0142o. Polubi\u0142em ten j\u0119zyk programowania. Jest do\u015b\u0107 ciekawy.<\/p>\n\n\n\n<p>Owa ciekawo\u015b\u0107, sprawi\u0142a, \u017ce najpierw zaistnia\u0142o jedno klikni\u0119cie, potem drugie i nast\u0119pne, a\u017c w ko\u0144cu co\u015b powsta\u0142o, i to co\u015b nosi nazw\u0119 \u2013 pierwszy m\u00f3j program &#8211; \u00a0kt\u00f3ry wypisa\u0142 pierwsze s\u0142owa na monitorze, potem wykona\u0142 proste rachunki na monitorze, a\u017c wreszcie zacz\u0119\u0142y powstawa\u0107 pierwsze kombinacje \u2013 gierki.<\/p>\n\n\n\n<p>&nbsp;I to sprawi\u0142o, \u017ce &nbsp;j\u0119zyk C++ sta\u0142 si\u0119 moj\u0105 rozrywk\u0105, zabaw\u0105, ta\u0144cem i muzyk\u0105 w po\u015br\u00f3d chmur szaro\u015bci dnia, kt\u00f3ra na sw\u00f3j spos\u00f3b sprawia odpr\u0119\u017cenie umys\u0142u, skupienie si\u0119 na chwili, rozlu\u017anienie fizyczne i emocjonalne.<\/p>\n\n\n\n<p>Cdn.<\/p>\n\n\n\n<p><\/p>\n","protected":false},"excerpt":{"rendered":"<p>Strona w trakcie realizacji: Pewnego dnia, dawno, dawno temu, zainstalowa\u0142em sobie edytor CodeBlocks \u2013 nie maj\u0105c poj\u0119cia \u2013 co to w og\u00f3le jest i do czego s\u0142u\u017cy. A jednak, &nbsp;to [&hellip;]<\/p>\n","protected":false},"author":1,"featured_media":0,"parent":0,"menu_order":0,"comment_status":"closed","ping_status":"closed","template":"","meta":{"_bbp_topic_count":0,"_bbp_reply_count":0,"_bbp_total_topic_count":0,"_bbp_total_reply_count":0,"_bbp_voice_count":0,"_bbp_anonymous_reply_count":0,"_bbp_topic_count_hidden":0,"_bbp_reply_count_hidden":0,"_bbp_forum_subforum_count":0,"_themeisle_gutenberg_block_has_review":false,"footnotes":""},"class_list":["post-41","page","type-page","status-publish","hentry"],"aioseo_notices":[],"jetpack_sharing_enabled":true,"_links":{"self":[{"href":"https:\/\/www.host176291.stronawcal.pl\/index.php\/wp-json\/wp\/v2\/pages\/41","targetHints":{"allow":["GET"]}}],"collection":[{"href":"https:\/\/www.host176291.stronawcal.pl\/index.php\/wp-json\/wp\/v2\/pages"}],"about":[{"href":"https:\/\/www.host176291.stronawcal.pl\/index.php\/wp-json\/wp\/v2\/types\/page"}],"author":[{"embeddable":true,"href":"https:\/\/www.host176291.stronawcal.pl\/index.php\/wp-json\/wp\/v2\/users\/1"}],"replies":[{"embeddable":true,"href":"https:\/\/www.host176291.stronawcal.pl\/index.php\/wp-json\/wp\/v2\/comments?post=41"}],"version-history":[{"count":8,"href":"https:\/\/www.host176291.stronawcal.pl\/index.php\/wp-json\/wp\/v2\/pages\/41\/revisions"}],"predecessor-version":[{"id":59,"href":"https:\/\/www.host176291.stronawcal.pl\/index.php\/wp-json\/wp\/v2\/pages\/41\/revisions\/59"}],"wp:attachment":[{"href":"https:\/\/www.host176291.stronawcal.pl\/index.php\/wp-json\/wp\/v2\/media?parent=41"}],"curies":[{"name":"wp","href":"https:\/\/api.w.org\/{rel}","templated":true}]}}