{"id":47,"date":"2025-11-15T00:45:32","date_gmt":"2025-11-15T00:45:32","guid":{"rendered":"https:\/\/www.host176291.stronawcal.pl\/?page_id=47"},"modified":"2026-05-01T18:29:50","modified_gmt":"2026-05-01T18:29:50","slug":"biblioteka","status":"publish","type":"page","link":"https:\/\/www.host176291.stronawcal.pl\/index.php\/biblioteka\/","title":{"rendered":"Biblioteka"},"content":{"rendered":"\n<p>Biblioteka C++<\/p>\n\n\n\n<p><strong>SPIS LEKTUR<\/strong> &#8211; z kt\u00f3rymi si\u0119 zapozna\u0142em, korzysta\u0142em i u\u017cy\u0142em do pomocy utworzenia swojego bloga.<\/p>\n\n\n\n<ol class=\"wp-block-list\">\n<li>J\u0119zyk C++ Szko\u0142a programowania Wydanie VI&nbsp; &#8211; Stephen Prata.<\/li>\n\n\n\n<li><a>Symfonia C++ standard Programowanie w j\u0119zyku C++ orientowane obiektowo Tom 1 \u2013 Jerzy Gr\u0119bosz.<\/a><\/li>\n\n\n\n<li>Symfonia C++ standard Programowanie w j\u0119zyku C++ orientowane obiektowo Tom 2 \u2013 Jerzy Gr\u0119bosz.<\/li>\n\n\n\n<li>Symfonia C++ standard Programowanie w j\u0119zyku C++ orientowane obiektowo Tom 3 \u2013 Jerzy Gr\u0119bosz.<\/li>\n\n\n\n<li>C++ Biblioteka standardowa Podr\u0119cznik programisty &#8211; Nicolai M. Josuttis.<\/li>\n\n\n\n<li>J\u0119zyk C++ \u0107wiczenia i rozwi\u0105zania &#8211; David Vandevoorde.<\/li>\n\n\n\n<li>C++20 Labolatorium &#8211; Dawid Farbaniec.<\/li>\n\n\n\n<li>PERE\u0141KI PROGRAMOWANIA GIER Vademecum profesjonalisty Tom 2 \u2013 Mark DeLoura.<\/li>\n\n\n\n<li>Podstawy j\u0119zyka C++ &#8211; Stanley B. Lippman.<\/li>\n\n\n\n<li>Programowanie w j\u0119zyku C++ &#8211; Wies\u0142aw Por\u0119bski.<\/li>\n\n\n\n<li>C++ ZI\u00d3R ZADA\u0143 Z ROZWI\u0104ZANIAMI \u2013 Tomasz Ja\u015bniewski.<\/li>\n\n\n\n<li>Kombinacje C++&nbsp; &#8211; Maciej Matyka.<\/li>\n\n\n\n<li>C++ ZADANIA ZAAWANSOWANE&nbsp; &#8211; Tomasz Ja\u015bniewski.<\/li>\n\n\n\n<li>PRZEWODNIK DLA POCZ\u0104TKUJ\u0104CYCH C++&nbsp; &#8211; ALEX ALLAIN.<\/li>\n\n\n\n<li>PROJEKTOWANIE GIER PODSTAWY WYDANIE II \u2013 ERNEST ADAMS.<\/li>\n\n\n\n<li>Stosowanie wzorc\u00f3w projektowych w C++ &nbsp;&#8211; Dmitri Nesteruk.<\/li>\n\n\n\n<li>Projektowanie funkcyjne w j\u0119zyku C++ Tworzenie lepszych aplikacji \u2013 Ivan \u010cuki\u0107.<\/li>\n\n\n\n<li>PROGRAMOWANIE ZORIENTOWANE OBIEKTOWO WZORCE PROJEKTOWE WYDANIE II \u2013 ALAN SHALLOWAY, JAMES R TROTT.<\/li>\n\n\n\n<li>J\u0119zyk C++ i przetwarzanie wsp\u00f3\u0142bie\u017cne w akcji Wydanie II&nbsp; &#8211; Anthony Williams.<\/li>\n\n\n\n<li>C++ DLA PROGRAMIST\u00d3W GIER \u2013 Michael J. Dickheiser.<\/li>\n\n\n\n<li>C++ Struktury&nbsp; danych i algorytmy \u2013 Wisnu Anggoro.<\/li>\n\n\n\n<li>Biblioteka standardowa C++ &#8211; P. J. Plauger;<\/li>\n\n\n\n<li>Czysty kod w C++17 Oprogramowanie \u0142atwe w utrzymaniu &#8211; Stephan Roth;<\/li>\n\n\n\n<li>C++ PROJEKTOWANIE SYSTEM\u00d3W INFORMATYCZNYCH Vademecum profesjonalisty &#8211; John Lakos;<\/li>\n<\/ol>\n\n\n\n<p>\u017bycz\u0119 mi\u0142ego zapoznawania si\u0119 z tre\u015bci\u0105 w\/w lektur.<\/p>\n\n\n\n<p><\/p>\n","protected":false},"excerpt":{"rendered":"<p>Biblioteka C++ SPIS LEKTUR &#8211; z kt\u00f3rymi si\u0119 zapozna\u0142em, korzysta\u0142em i u\u017cy\u0142em do pomocy utworzenia swojego bloga. \u017bycz\u0119 mi\u0142ego zapoznawania si\u0119 z tre\u015bci\u0105 w\/w lektur.<\/p>\n","protected":false},"author":1,"featured_media":0,"parent":0,"menu_order":0,"comment_status":"closed","ping_status":"closed","template":"","meta":{"_bbp_topic_count":0,"_bbp_reply_count":0,"_bbp_total_topic_count":0,"_bbp_total_reply_count":0,"_bbp_voice_count":0,"_bbp_anonymous_reply_count":0,"_bbp_topic_count_hidden":0,"_bbp_reply_count_hidden":0,"_bbp_forum_subforum_count":0,"_themeisle_gutenberg_block_has_review":false,"footnotes":""},"class_list":["post-47","page","type-page","status-publish","hentry"],"aioseo_notices":[],"jetpack_sharing_enabled":true,"_links":{"self":[{"href":"https:\/\/www.host176291.stronawcal.pl\/index.php\/wp-json\/wp\/v2\/pages\/47","targetHints":{"allow":["GET"]}}],"collection":[{"href":"https:\/\/www.host176291.stronawcal.pl\/index.php\/wp-json\/wp\/v2\/pages"}],"about":[{"href":"https:\/\/www.host176291.stronawcal.pl\/index.php\/wp-json\/wp\/v2\/types\/page"}],"author":[{"embeddable":true,"href":"https:\/\/www.host176291.stronawcal.pl\/index.php\/wp-json\/wp\/v2\/users\/1"}],"replies":[{"embeddable":true,"href":"https:\/\/www.host176291.stronawcal.pl\/index.php\/wp-json\/wp\/v2\/comments?post=47"}],"version-history":[{"count":7,"href":"https:\/\/www.host176291.stronawcal.pl\/index.php\/wp-json\/wp\/v2\/pages\/47\/revisions"}],"predecessor-version":[{"id":408,"href":"https:\/\/www.host176291.stronawcal.pl\/index.php\/wp-json\/wp\/v2\/pages\/47\/revisions\/408"}],"wp:attachment":[{"href":"https:\/\/www.host176291.stronawcal.pl\/index.php\/wp-json\/wp\/v2\/media?parent=47"}],"curies":[{"name":"wp","href":"https:\/\/api.w.org\/{rel}","templated":true}]}}